{"id":69,"date":"2020-08-10T07:28:17","date_gmt":"2020-08-10T07:28:17","guid":{"rendered":"https:\/\/montessoritransilvania.ro\/?page_id=69"},"modified":"2025-08-14T21:07:42","modified_gmt":"2025-08-14T18:07:42","slug":"oferta-educationala-2","status":"publish","type":"page","link":"https:\/\/montessoritransilvania.ro\/index.php\/oferta-educationala-2\/","title":{"rendered":"Oferta educa\u021bional\u0103"},"content":{"rendered":"\n<h2 class=\"has-text-align-center\"> <a href=\"#ch1\">Programul zilnic<\/a> | <a href=\"#ch2\">Structura anului \u0219colar<\/a> | <a href=\"#ch3\">Taxe<\/a><\/h2>\n\n\n\n<p class=\"wp-block-paragraph\">Suntem localiza\u021bi \u00een Cluj-Napoca, av\u00e2nd dou\u0103 sedii \u2013 unul pe <strong>str. Decebal nr. 79<\/strong>, unde primim copiii \u00een medii spa\u021bioase \u0219i luminoase, av\u00e2nd la interior 900 mp \u0219i un spa\u021biu exterior de 700 mp \u0219i un al doilea sediu \u00een <strong>Cluj Innovation Park<\/strong>, cl\u0103direa TEAM \u2013 parter, deschis la \u00eenceput de 2023, unde spa\u021biile au \u00een momentul de fa\u021b\u0103 550 mp la interior, 150 mp teras\u0103 \u0219i 1000 mp la exterior.<\/p>\n\n\n\n<p class=\"wp-block-paragraph\">\u00cen linii pragmatice, noi, Montessori Transilvania oferim:<\/p>\n\n\n\n<ul class=\"wp-block-list\">\n<li><strong>Program educa\u021bional 1-3 ani (Cre\u0219\u0103)<\/strong><br>Via\u021b\u0103 practic\u0103 | Limbaj | Art\u0103 \u0219i Muzic\u0103<\/li>\n\n\n\n<li><strong>Program educa\u021bional 3-6 ani (Gr\u0103dini\u021b\u0103)<\/strong><br>Via\u021b\u0103 practic\u0103 | Activit\u0103\u021bi senzoriale | Limbaj | Matematic\u0103 | Art\u0103 \u0219i Muzic\u0103<br>Limb\u0103 str\u0103in\u0103 (Englez\u0103)<\/li>\n\n\n\n<li><strong>Program educa\u021bional 6-12 ani (Ciclul primar)<\/strong><br>Limbaj | Istorie | Matematic\u0103 | Geometrie | Geografie | Biologie<br>Limb\u0103 str\u0103in\u0103 (Englez\u0103, German\u0103)<br>Art\u0103 | Muzic\u0103 | Sport | \u0218ah | Ateliere de dezvoltare personal\u0103 | Ateliere extracurriculare<\/li>\n<\/ul>\n\n\n\n<p class=\"wp-block-paragraph\">o Suntem o <strong>echip\u0103 de pedagogi forma\u021bi AMI<\/strong> \u0219i cu <strong>studii psihopedagogice <\/strong>care implementeaz\u0103 valorile, obiectivele de educa\u021bie \u0219i misiunea Montessori Transilvania, care contribuie la formarea viitorului adult. Cursurile de formare Montessori acreditate AMI se desf\u0103\u0219oar\u0103 \u00een centre specializate \u00een diferite \u021b\u0103ri din lume, au o durat\u0103 \u00eentre 1 \u0219i 3 ani \u0219i includ multe ore de studiu \u0219i practic\u0103 supervizat\u0103.<\/p>\n\n\n\n<p class=\"wp-block-paragraph\">o Oferim <strong>respect<\/strong>, <strong>integritate<\/strong>, <strong>libertate cu responsabilitate<\/strong>, <strong>comunicare bl\u00e2nd\u0103<\/strong>, <strong>transparen\u021b\u0103<\/strong> asupra activit\u0103\u021bii noastre \u0219i asupra dezvolt\u0103rii copilului.<\/p>\n\n\n\n<p class=\"wp-block-paragraph\">o Avem un <strong>mediu<\/strong> <strong>prietenos, sigur, stimulativ<\/strong> creat pentru fiecare categorie de v\u00e2rst\u0103 care are ca obiectiv principal sprijinirea dezvolt\u0103rii fiec\u0103rui copil \u021bin\u00e2nd cont de tendin\u021bele umane \u0219i de caracteristicile specifice v\u00e2rstei, un mediu g\u00e2ndit \u0219i testat de Dr. Maria Montessori \u0219i de multe alte \u0219coli din \u00eentreaga lume.<\/p>\n\n\n\n<p class=\"wp-block-paragraph\">o Asigur\u0103m <strong>materiale didactice originale<\/strong> \u201c<strong>Nienhuis<\/strong>\u201d specifice pedagogiei Montessori, confec\u021bionate dup\u0103 schi\u021bele Mariei \u0219i ale lui Mario Montessori.<\/p>\n\n\n\n<p class=\"wp-block-paragraph\">o Ne ghid\u0103m \u00een procesul de educa\u021bie dup\u0103 <strong>curricula<\/strong> <strong>Montessori<\/strong> interna\u021bional\u0103 aprobat\u0103 \u0219i de Ministerul Educa\u021biei \u0219i Cercet\u0103rii astfel \u00eenc\u00e2t tranzi\u021bia spre alte forme de \u00eenv\u0103\u021b\u0103m\u00e2nt de stat sau particulare s\u0103 fie posibil\u0103 \u00een orice moment.<\/p>\n\n\n\n<p class=\"wp-block-paragraph\">o Facilit\u0103m <strong>\u00eent\u00e2lniri individuale <\/strong>bianuale sau ori de c\u00e2te ori este nevoie pentru a discuta evolu\u021bia fiec\u0103rui copil din punct de vedere academic, social \u0219i emo\u021bional.<\/p>\n\n\n\n<p class=\"wp-block-paragraph\">o Oferim <strong>transparen\u021b\u0103<\/strong> asupra activit\u0103\u021bii copiilor cu ajutorul tool-ului <strong>Transparent Classroom<\/strong>.<\/p>\n\n\n\n<p class=\"wp-block-paragraph\">o Asigur\u0103m <strong>m\u00e2ncare s\u0103n\u0103toas\u0103<\/strong> \u00een sistem catering, verificat\u0103 \u0219i cu toate autoriza\u021biile necesare.<\/p>\n\n\n\n<p class=\"wp-block-paragraph\">o Asigur\u0103m trierea copiilor \u00een fiecare diminea\u021b\u0103 de c\u0103tre un asistent medical.<\/p>\n\n\n\n<p class=\"wp-block-paragraph\">o Ne asigur\u0103m c\u0103 <strong>sportul<\/strong> stucturat \u0219i <strong>mi\u0219carea<\/strong> liber\u0103 fac parte din activit\u0103\u021bile copiilor. Avem spa\u021biu exterior \u00een curte de 700 mp care este proiectat (de un arhitect \u0219i de echipa de adul\u021bi din fiecare mediu) s\u0103 deserveasc\u0103 nevoile de mi\u0219care a copiilor, sal\u0103 de sport la interior \u0219i adult care va \u021bine \u00eent\u00e2lnirile de sport structurat. De asemenea, am participat \u0219i la workshopuri <strong>AMI Montessori Sports<\/strong> \u00een Praga sub \u00eendrumarea lui Ruben Jongkind \u0219i vom implementa principiile Montessori \u0219i \u00een activit\u0103\u021bile sportive structurate \u0219i libere.<\/p>\n\n\n\n<p class=\"wp-block-paragraph\">o Organiz\u0103m <strong>seminarii<\/strong>, <strong>conferin\u021be<\/strong>, <strong>ateliere<\/strong> pe diverse subiecte pentru p\u0103rin\u021bi, bunici, prieteni pentru a \u00eenv\u0103\u021ba \u00eempreun\u0103 mai multe despre copiii no\u0219tri, despre stilul de via\u021b\u0103 Montessori, despre cum ne putem ajuta reciproc.<\/p>\n\n\n\n<p class=\"wp-block-paragraph\">o Facilit\u0103m<strong> \u00eent\u00e2lniri ad-hoc<\/strong> la un ceai c\u00e2nd dori\u021bi s\u0103 ne transmite\u021bi o bucurie, o \u00eengrijorare, orice v\u0103 trece prin minte.<\/p>\n\n\n\n<p class=\"wp-block-paragraph\">o Sus\u021binem cunoa\u0219terea mediului copilului dvs. printr-o <strong>activitate p\u0103rinte-copil <\/strong>de 2 ori pe an (comunit\u0103\u021bile de 3-6 \u0219i 6-12 ani).<\/p>\n\n\n\n<p class=\"wp-block-paragraph\">o Organiz\u0103m <strong>activit\u0103\u021bi \u0219i ateliere extracurriculare<\/strong> pe care le decidem \u00eempreun\u0103 cu copiii \u0219i p\u0103rin\u021bii astfel \u00eenc\u00e2t aceste activit\u0103\u021bi s\u0103 se muleze pe nevoile \u0219i dorin\u021bele copiilor.<\/p>\n\n\n\n<p class=\"wp-block-paragraph\">o Ne baz\u0103m pe <strong>suportul<\/strong> unor <strong>consultan\u021bi \u0219i practicieni Montessori<\/strong> pentru a sus\u021bine echipa de pedagogi.<\/p>\n\n\n\n<p class=\"wp-block-paragraph\">o Asigur\u0103m <strong>consilier \u0219colar<\/strong> care s\u0103 ne \u00eendrume \u00een luarea celor mai bune decizii pentru dezvoltarea liber\u0103 \u0219i armonioas\u0103 a copiilor.<\/p>\n\n\n\n<p class=\"wp-block-paragraph\">o Organiz\u0103m <strong>excursii, tabere, vizite la obiective de interes local, na\u021bional, interna\u021bional, participarea la diverse evenimente culturale \u0219i sociale, implicarea \u00een diverse ac\u021biuni de protejare a mediului \u00eenconjur\u0103tor<\/strong>, precum \u0219i ac\u021biuni caritabile (plantare copaci, ecologizare diferite zone, organizarea de t\u00e2rguri caritabile etc).<\/p>\n\n\n\n<a name=\"ch1\"><\/a><h3>O zi la Montessori Transilvania<\/h3>\n\n\n\n<p class=\"wp-block-paragraph\"><strong>Programul zilnic<\/strong><\/p>\n\n\n<div class=\"wp-block-image\">\n<figure class=\"aligncenter size-full\"><img loading=\"lazy\" decoding=\"async\" width=\"652\" height=\"540\" src=\"https:\/\/montessoritransilvania.ro\/wp-content\/uploads\/2023\/04\/Montessori-Transilvania-Program-Mediul-1-3-ani.png\" alt=\"\" class=\"wp-image-814\" srcset=\"https:\/\/montessoritransilvania.ro\/wp-content\/uploads\/2023\/04\/Montessori-Transilvania-Program-Mediul-1-3-ani.png 652w, https:\/\/montessoritransilvania.ro\/wp-content\/uploads\/2023\/04\/Montessori-Transilvania-Program-Mediul-1-3-ani-300x248.png 300w\" sizes=\"auto, (max-width: 652px) 100vw, 652px\" \/><\/figure>\n<\/div>\n\n<div class=\"wp-block-image\">\n<figure class=\"aligncenter size-full\"><img loading=\"lazy\" decoding=\"async\" width=\"652\" height=\"472\" src=\"https:\/\/montessoritransilvania.ro\/wp-content\/uploads\/2023\/04\/Montessori-Transilvania-Program-Mediul-3-6-ani.png\" alt=\"\" class=\"wp-image-815\" srcset=\"https:\/\/montessoritransilvania.ro\/wp-content\/uploads\/2023\/04\/Montessori-Transilvania-Program-Mediul-3-6-ani.png 652w, https:\/\/montessoritransilvania.ro\/wp-content\/uploads\/2023\/04\/Montessori-Transilvania-Program-Mediul-3-6-ani-300x217.png 300w\" sizes=\"auto, (max-width: 652px) 100vw, 652px\" \/><\/figure>\n<\/div>\n\n<div class=\"wp-block-image\">\n<figure class=\"aligncenter size-full\"><img loading=\"lazy\" decoding=\"async\" width=\"653\" height=\"367\" src=\"https:\/\/montessoritransilvania.ro\/wp-content\/uploads\/2023\/04\/Montessori-Transilvania-Program-Scoala-Mediul-6-12-ani.png\" alt=\"\" class=\"wp-image-817\" srcset=\"https:\/\/montessoritransilvania.ro\/wp-content\/uploads\/2023\/04\/Montessori-Transilvania-Program-Scoala-Mediul-6-12-ani.png 653w, https:\/\/montessoritransilvania.ro\/wp-content\/uploads\/2023\/04\/Montessori-Transilvania-Program-Scoala-Mediul-6-12-ani-300x169.png 300w\" sizes=\"auto, (max-width: 653px) 100vw, 653px\" \/><\/figure>\n<\/div>\n\n\n<a name=\"ch2\"><\/a><h3>Structura anului \u0219colar 2025-2026<\/h3>\n\n\n\n<p class=\"wp-block-paragraph\">\u2022\u2060 \u2060prima zi de cre\u015f\u01ce \/ gr\u0103dini\u021b\u0103 \u2013 1 septembrie 2025<\/p>\n\n\n\n<figure class=\"wp-block-image size-full\"><img loading=\"lazy\" decoding=\"async\" width=\"924\" height=\"580\" src=\"https:\/\/montessoritransilvania.ro\/wp-content\/uploads\/2025\/06\/Screenshot-2025-06-14-at-16.10.58.png\" alt=\"\" class=\"wp-image-947\" srcset=\"https:\/\/montessoritransilvania.ro\/wp-content\/uploads\/2025\/06\/Screenshot-2025-06-14-at-16.10.58.png 924w, https:\/\/montessoritransilvania.ro\/wp-content\/uploads\/2025\/06\/Screenshot-2025-06-14-at-16.10.58-300x188.png 300w, https:\/\/montessoritransilvania.ro\/wp-content\/uploads\/2025\/06\/Screenshot-2025-06-14-at-16.10.58-768x482.png 768w\" sizes=\"auto, (max-width: 924px) 100vw, 924px\" \/><\/figure>\n\n\n\n<p class=\"wp-block-paragraph\">\u2022\u2060 \u2060\u2060prima zi de \u0219coal\u0103 \u2013 8 septembrie 2025<\/p>\n\n\n\n<figure class=\"wp-block-image size-full\"><img loading=\"lazy\" decoding=\"async\" width=\"930\" height=\"876\" src=\"https:\/\/montessoritransilvania.ro\/wp-content\/uploads\/2025\/06\/Screenshot-2025-06-14-at-16.11.21.png\" alt=\"\" class=\"wp-image-948\" srcset=\"https:\/\/montessoritransilvania.ro\/wp-content\/uploads\/2025\/06\/Screenshot-2025-06-14-at-16.11.21.png 930w, https:\/\/montessoritransilvania.ro\/wp-content\/uploads\/2025\/06\/Screenshot-2025-06-14-at-16.11.21-300x283.png 300w, https:\/\/montessoritransilvania.ro\/wp-content\/uploads\/2025\/06\/Screenshot-2025-06-14-at-16.11.21-768x723.png 768w\" sizes=\"auto, (max-width: 930px) 100vw, 930px\" \/><\/figure>\n\n\n\n<p class=\"wp-block-paragraph\"><\/p>\n\n\n\n<a name=\"ch3\"><\/a><h3>Contribu\u021bia financiar\u0103<\/h3>\n\n\n\n<figure class=\"wp-block-image size-large\"><img loading=\"lazy\" decoding=\"async\" width=\"1024\" height=\"729\" src=\"https:\/\/montessoritransilvania.ro\/wp-content\/uploads\/2025\/06\/Screenshot-2025-06-14-at-16.03.08-1024x729.png\" alt=\"\" class=\"wp-image-944\" srcset=\"https:\/\/montessoritransilvania.ro\/wp-content\/uploads\/2025\/06\/Screenshot-2025-06-14-at-16.03.08-1024x729.png 1024w, https:\/\/montessoritransilvania.ro\/wp-content\/uploads\/2025\/06\/Screenshot-2025-06-14-at-16.03.08-300x214.png 300w, https:\/\/montessoritransilvania.ro\/wp-content\/uploads\/2025\/06\/Screenshot-2025-06-14-at-16.03.08-768x547.png 768w, https:\/\/montessoritransilvania.ro\/wp-content\/uploads\/2025\/06\/Screenshot-2025-06-14-at-16.03.08.png 1076w\" sizes=\"auto, (max-width: 1024px) 100vw, 1024px\" \/><\/figure>\n\n\n\n<p class=\"wp-block-paragraph\">\u0218tim c\u0103 doar prin educa\u021bie putem s\u0103 aducem un impact pozitiv asupra societ\u0103\u021bii, a\u0219a cum Nelson Mandela spunea: <em><strong>Education is the most powerful weapon which you can use to change the world<\/strong><\/em> (\u201cEduca\u021bia este cea mai puternic\u0103 arm\u0103 cu ajutorul c\u0103reia po\u021bi schimba lumea\u201d).<\/p>\n\n\n\n<p class=\"wp-block-paragraph\">Noi, echipa de la Montessori Transilvania, credem c\u0103 este fundamental:<\/p>\n\n\n\n<ul class=\"wp-block-list\">\n<li>S\u0103 oferim o curricul\u0103 integrat\u0103 \u0219i bogat\u0103 care s\u0103 fie funda\u021bia unei educa\u021bii pe via\u021b\u0103.<\/li>\n\n\n\n<li>S\u0103 oferim activit\u0103\u021bi \u0219i programe care s\u0103 promoveze independen\u021ba, \u00eencrederea de sine \u0219i responsabilitatea social\u0103.<\/li>\n\n\n\n<li>S\u0103 recunoa\u0219tem sentimentele de \u00eemplinire ale copilului care \u00eencurajeaz\u0103 succesul \u00een mod continuu.<\/li>\n\n\n\n<li>S\u0103 recunoa\u0219tem, \u00eencuraj\u0103m, protej\u0103m \u0219i respect\u0103m individualitatea fizic\u0103, intelectual\u0103 \u0219i emo\u021bional\u0103 a fiec\u0103rui copil.<\/li>\n\n\n\n<li>S\u0103 oferim un mediu sigur care hr\u0103ne\u0219te stima de sine \u0219i creativitatea fiec\u0103rui copil.<\/li>\n\n\n\n<li>S\u0103 oferim oportunit\u0103\u021bi fiec\u0103rui copil astfel \u00eenc\u00e2t acesta s\u0103 se dezvolte conform capacit\u0103\u021bilor \u0219i intereselor sale.<\/li>\n<\/ul>\n\n\n\n<p class=\"wp-block-paragraph\">A\u0219tept\u0103m s\u0103 ne cunoa\u0219tem!<\/p>\n","protected":false},"excerpt":{"rendered":"<p>Programul zilnic | Structura anului \u0219colar | Taxe Suntem localiza\u021bi \u00een Cluj-Napoca, av\u00e2nd dou\u0103 sedii \u2013 unul pe str. Decebal nr. 79, unde primim copiii \u00een medii spa\u021bioase \u0219i luminoase, av\u00e2nd la interior 900 mp \u0219i un spa\u021biu exterior de 700 mp \u0219i un al doilea sediu \u00een Cluj Innovation Park, cl\u0103direa TEAM \u2013 parter, [&hellip;]<\/p>\n","protected":false},"author":2,"featured_media":0,"parent":0,"menu_order":0,"comment_status":"closed","ping_status":"closed","template":"","meta":{"_crdt_document":"","_monsterinsights_skip_tracking":false,"_monsterinsights_sitenote_active":false,"_monsterinsights_sitenote_note":"","_monsterinsights_sitenote_category":0,"advanced_seo_description":"","jetpack_seo_html_title":"","jetpack_seo_noindex":false,"footnotes":""},"class_list":["post-69","page","type-page","status-publish","hentry"],"jetpack_shortlink":"https:\/\/wp.me\/PgzrWa-17","_links":{"self":[{"href":"https:\/\/montessoritransilvania.ro\/index.php\/wp-json\/wp\/v2\/pages\/69","targetHints":{"allow":["GET"]}}],"collection":[{"href":"https:\/\/montessoritransilvania.ro\/index.php\/wp-json\/wp\/v2\/pages"}],"about":[{"href":"https:\/\/montessoritransilvania.ro\/index.php\/wp-json\/wp\/v2\/types\/page"}],"author":[{"embeddable":true,"href":"https:\/\/montessoritransilvania.ro\/index.php\/wp-json\/wp\/v2\/users\/2"}],"replies":[{"embeddable":true,"href":"https:\/\/montessoritransilvania.ro\/index.php\/wp-json\/wp\/v2\/comments?post=69"}],"version-history":[{"count":50,"href":"https:\/\/montessoritransilvania.ro\/index.php\/wp-json\/wp\/v2\/pages\/69\/revisions"}],"predecessor-version":[{"id":977,"href":"https:\/\/montessoritransilvania.ro\/index.php\/wp-json\/wp\/v2\/pages\/69\/revisions\/977"}],"wp:attachment":[{"href":"https:\/\/montessoritransilvania.ro\/index.php\/wp-json\/wp\/v2\/media?parent=69"}],"curies":[{"name":"wp","href":"https:\/\/api.w.org\/{rel}","templated":true}]}}